s the remainder when 168 is divided by 37?
20
Calculate the remainder when 473 is divided by 23.
13
What is the remainder when 4431 is divided by 14?
7
Calculate the remainder when 319 is divided by 87.
58
Calculate the remainder when 1642 is divided by 55.
47
Calculate the remainder when 31989 is divided by 13.
9
What is the remainder when 1171 is divided by 17?
15
What is the remainder when 1883 is divided by 23?
20
Calculate the remainder when 1743 is divided by 19.
14
What is the remainder when 2682 is divided by 81?
9
Calculate the remainder when 1677 is divided by 85.
62
Calculate the remainder when 1012 is divided by 213.
160
What is the remainder when 1310 is divided by 146?
142
What is the remainder when 326 is divided by 5?
1
Calculate the remainder when 1155 is divided by 29.
24
What is the remainder when 282 is divided by 80?
42
Calculate the remainder when 1487 is divided by 71.
67
Calculate the remainder when 266 is divided by 51.
11
Calculate the remainder when 121 is divided by 16.
9
Calculate the remainder when 327 is divided by 17.
4
Calculate the remainder when 1014 is divided by 141.
27
Calculate the remainder when 593 is divided by 52.
21
What is the remainder when 461 is divided by 60?
41
What is the remainder when 440 is divided by 70?
20
What is the remainder when 587 is divided by 20?
7
Calculate the remainder when 1113 is divided by 183.
15
Calculate the remainder when 956 is divided by 60.
56
What is the remainder when 124 is divided by 21?
19
What is the remainder when 170 is divided by 44?
38
Calculate the remainder when 87 is divided by 44.
43
Calculate the remainder when 118 is divided by 27.
10
Calculate the remainder when 96 is divided by 22.
8
What is the remainder when 115 is divided by 63?
52
Calculate the remainder when 132 is divided by 59.
14
Calculate the remainder when 3191 is divided by 288.
23
Calculate the remainder when 2834 is divided by 939.
17
Calculate the remainder when 503 is divided by 6.
5
Calculate the remainder when 6491 is divided by 43.
41
What is the remainder when 1753 is divided by 437?
5
Calculate the remainder when 140 is divided by 15.
5
What is the remainder when 195 is divided by 67?
61
Calculate the remainder when 219 is divided by 112.
107
What is the remainder when 196 is divided by 72?
52
What is the remainder when 2329 is divided by 102?
85
Calculate the remainder when 63 is divided by 42.
21
Calculate the remainder when 686 is divided by 43.
41
What is the remainder when 3953 is divided by 43?
40
Calculate the remainder when 8662 is divided by 76.
74
Calculate the remainder when 775 is divided by 755.
20
Calculate the remainder when 376 is divided by 21.
19
Calculate the remainder when 414 is divided by 194.
26
Calculate the remainder when 425 is divided by 175.
75
Calculate the remainder when 1665 is divided by 88.
81
Calculate the remainder when 631 is divided by 209.
4
What is the remainder when 3024 is divided by 121?
120
What is the remainder when 195 is divided by 27?
6
Calculate the remainder when 289 is divided by 129.
31
What is the remainder when 399 is divided by 20?
19
Calculate the remainder when 397 is divided by 68.
57
What is the remainder when 1038 is divided by 5?
3
What is the remainder when 634 is divided by 216?
202
What is the remainder when 6795 is divided by 5?
0
Calculate the remainder when 187 is divided by 9.
7
Calculate the remainder when 5210 is divided by 158.
154
What is the remainder when 73 is divided by 20?
13
What is the remainder when 2337 is divided by 704?
225
Calculate the remainder when 437 is divided by 20.
17
What is the remainder when 933 is divided by 18?
15
What is the remainder when 70 is divided by 13?
5
Calculate the remainder when 87 is divided by 27.
6
What is the remainder when 111 is divided by 21?
6
Calculate the remainder when 583 is divided by 149.
136
What is the remainder when 889 is divided by 214?
33
Calculate the remainder when 537 is divided by 60.
57
Calculate the remainder when 229 is divided by 54.
13
What is the remainder when 7128 is divided by 10?
8
Calculate the remainder when 113 is divided by 6.
5
What is the remainder when 148 is divided by 19?
15
Calculate the remainder when 34 is divided by 26.
8
What is the remainder when 152 is divided by 18?
8
Calculate the remainder when 1758 is divided by 44.
42
Calculate the remainder when 781 is divided by 41.
2
What is the remainder when 2177 is divided by 71?
47
What is the remainder when 949 is divided by 19?
18
Calculate the remainder when 211 is divided by 136.
75
Calculate the remainder when 2438 is divided by 17.
7
What is the remainder when 2995 is divided by 250?
245
What is the remainder when 373 is divided by 108?
49
Calculate the remainder when 304 is divided by 61.
60
Calculate the remainder when 254 is divided by 52.
46
Calculate the remainder when 95 is divided by 17.
10
Calculate the remainder when 3102 is divided by 27.
24
Calculate the remainder when 510 is divided by 104.
94
Calculate the remainder when 9878 is divided by 190.
188
Calculate the remainder when 307 is divided by 79.
70
Calculate the remainder when 1723 is divided by 849.
25
Calculate the remainder when 251 is divided by 88.
75
What is the remainder when 1208 is divided by 202?
198
Calculate the remainder when 10261 is divided by 65.
56
What is the remainder when 351 is divided by 32?
31
What is the remainder when 2014 is divided by 48?
46
Calculate the remainder when 62 is divided by 34.
28
What is the remainder when 192 is divided by 183?
9
What is the remainder when 665 is divided by 18?
17
Calculate the remainder when 1394 is divided by 86.
18
What is the remainder when 406 is divided by 11?
10
What is the remainder when 349 is divided by 44?
41
What is the remainder when 14 is divided by 11?
3
What is the remainder when 996 is divided by 812?
184
What is the remainder when 600 is divided by 19?
11
What is the remainder when 8605 is divided by 13?
12
Calculate the remainder when 159 is divided by 80.
79
What is the remainder when 19069 is divided by 251?
244
Calculate the remainder when 143 is divided by 9.
8
What is the remainder when 236 is divided by 24?
20
What is the remainder when 534 is divided by 67?
65
What is the remainder when 353 is divided by 40?
33
Calculate the remainder when 2894 is divided by 76.
6
What is the remainder when 65 is divided by 34?
31
What is the remainder when 667 is divided by 10?
7
What is the remainder when 966 is divided by 295?
81
Calculate the remainder when 13184 is divided by 42.
38
Calculate the remainder when 84 is divided by 12.
0
Calculate the remainder when 135 is divided by 49.
37
Calculate the remainder when 1792 is divided by 223.
8
What is the remainder when 2820 is divided by 6?
0
What is the remainder when 97 is divided by 17?
12
Calculate the remainder when 5077 is divided by 127.
124
Calculate the remainder when 3479 is divided by 15.
14
Calculate the remainder when 486 is divided by 161.
3
Calculate the remainder when 1004 is divided by 112.
108
What is the remainder when 279 is divided by 118?
43
What is the remainder when 1469 is divided by 18?
11
What is the remainder when 199 is divided by 67?
65
What is the remainder when 771 is divided by 190?
11
Calculate the remainder when 639 is divided by 40.
39
What is the remainder when 57 is divided by 15?
12
Calculate the remainder when 260 is divided by 24.
20
Calculate the remainder when 56 is divided by 31.
25
What is the remainder when 351 is divided by 44?
43
What is the remainder when 102 is divided by 79?
23
Calculate the remainder when 10093 is divided by 49.
48
Calculate the remainder when 161 is divided by 63.
35
Calculate the remainder when 1439 is divided by 96.
95
Calculate the remainder when 337 is divided by 18.
13
What is the remainder when 487 is divided by 170?
147
What is the remainder when 82799 is divided by 120?
119
Calculate the remainder when 139 is divided by 14.
13
Calculate the remainder when 188 is divided by 95.
93
Calculate the remainder when 87 is divided by 67.
20
What is the remainder when 1005 is divided by 472?
61
Calculate the remainder when 194 is divided by 91.
12
What is the remainder when 91 is divided by 16?
11
What is the remaind